e millions digit of 791851718?
1
What is the thousands digit of 4049863748?
3
What is the ten millions digit of 36801213?
3
What is the units digit of 76041613?
3
What is the thousands digit of 105070933?
0
What is the hundred thousands digit of 3794971?
7
What is the hundred millions digit of 1111919519?
1
What is the tens digit of 5024401348?
4
What is the hundreds digit of 117788598?
5
What is the millions digit of 671551543?
1
What is the ten thousands digit of 52166774?
6
What is the hundred thousands digit of 980997?
9
What is the thousands digit of 3374038?
4
What is the hundreds digit of 507820202?
2
What is the ten thousands digit of 28551133?
5
What is the units digit of 1158592168?
8
What is the ten millions digit of 1096862716?
9
What is the thousands digit of 42136982?
6
What is the units digit of 244418747?
7
What is the hundreds digit of 632875893?
8
What is the thousands digit of 754316718?
6
What is the millions digit of 3336050716?
6
What is the tens digit of 51249295?
9
What is the thousands digit of 340541027?
1
What is the units digit of 34478266?
6
What is the hundred millions digit of 272486524?
2
What is the units digit of 1076894665?
5
What is the thousands digit of 5483849861?
9
What is the tens digit of 53896606?
0
What is the ten millions digit of 70413209?
7
What is the ten thousands digit of 97514964?
1
What is the ten thousands digit of 9150384?
5
What is the ten millions digit of 175632569?
7
What is the thousands digit of 1883186555?
6
What is the hundreds digit of 3332139493?
4
What is the thousands digit of 903436088?
6
What is the hundreds digit of 271052180?
1
What is the tens digit of 174083821?
2
What is the thousands digit of 157185?
7
What is the ten thousands digit of 45391945?
9
What is the thousands digit of 290522192?
2
What is the hundred thousands digit of 124457864?
4
What is the hundred thousands digit of 807045252?
0
What is the hundreds digit of 49589817?
8
What is the hundreds digit of 77050257?
2
What is the millions digit of 6894637?
6
What is the ten thousands digit of 1411287999?
8
What is the units digit of 221208700?
0
What is the billions digit of 6871232507?
6
What is the millions digit of 55425995?
5
What is the ten thousands digit of 2557214462?
1
What is the hundreds digit of 176623442?
4
What is the tens digit of 186578506?
0
What is the units digit of 679410450?
0
What is the tens digit of 151744607?
0
What is the units digit of 679281531?
1
What is the tens digit of 31501905?
0
What is the ten millions digit of 769040355?
6
What is the ten millions digit of 123673417?
2
What is the hundreds digit of 622222251?
2
What is the tens digit of 286867059?
5
What is the hundreds digit of 845318600?
6
What is the ten thousands digit of 7046080757?
8
What is the hundreds digit of 3422800255?
2
What is the tens digit of 2459754524?
2
What is the ten millions digit of 37420075?
3
What is the hundred thousands digit of 427788569?
7
What is the hundred thousands digit of 198606508?
6
What is the hundreds digit of 560559862?
8
What is the ten millions digit of 41109728?
4
What is the ten thousands digit of 806124810?
2
What is the ten thousands digit of 22829191?
2
What is the hundred thousands digit of 44070075?
0
What is the thousands digit of 249283946?
3
What is the hundreds digit of 44447595?
5
What is the ten millions digit of 195404325?
9
What is the ten millions digit of 269160289?
6
What is the hundred thousands digit of 6302721629?
7
What is the hundred thousands digit of 71029144?
0
What is the hundreds digit of 133830770?
7
What is the ten millions digit of 3696294966?
9
What is the billions digit of 4569567828?
4
What is the hundred millions digit of 2093995745?
0
What is the thousands digit of 18254308?
4
What is the units digit of 260021044?
4
What is the ten thousands digit of 31597480?
9
What is the ten thousands digit of 3641777905?
7
What is the units digit of 679791199?
9
What is the millions digit of 6992815167?
2
What is the units digit of 509646938?
8
What is the millions digit of 48764500?
8
What is the tens digit of 269006572?
7
What is the hundreds digit of 1199459838?
8
What is the hundred thousands digit of 27459018?
4
What is the ten thousands digit of 68637557?
3
What is the billions digit of 2685850303?
2
What is the ten millions digit of 288236147?
8
What is the millions digit of 1158602796?
8
What is the millions digit of 53015036?
3
What is the ten millions digit of 2860388020?
6
What is the ten thousands digit of 499361867?
6
What is the millions digit of 105137550?
5
What is the ten millions digit of 113269276?
1
What is the tens digit of 36582716?
1
What is the ten millions digit of 113050870?
1
What is the thousands digit of 177712586?
2
What is the ten millions digit of 60828942?
6
What is the ten thousands digit of 174187434?
8
What is the ten millions digit of 1412122640?
1
What is the hundreds digit of 26685163?
1
What is the hundred millions digit of 263129453?
2
What is the ten thousands digit of 187783729?
8
What is the ten millions digit of 4300767558?
0
What is the ten millions digit of 104755300?
0
What is the hundreds digit of 7278019?
0
What is the hundreds digit of 29220392?
3
What is the tens digit of 21040834?
3
What is the ten thousands digit of 249388974?
8
What is the millions digit of 17727447?
7
What is the ten millions digit of 2638505388?
3
What is the thousands digit of 1466983202?
3
What is the millions digit of 16768570?
6
What is the millions digit of 3270725504?
0
What is the hundred thousands digit of 45383352?
3
What is the millions digit of 176392653?
6
What is the tens digit of 5006724985?
8
What is the hundreds digit of 2217152931?
9
What is the ten millions digit of 37130723?
3
What is the units digit of 137390844?
4
What is the millions digit of 476004523?
6
What is the hundred millions digit of 324532450?
3
What is the hundred thousands digit of 2420304845?
3
What is the thousands digit of 136512068?
2
What is the millions digit of 4619677274?
9
What is the thousands digit of 12620957?
0
What is the hundred thousands digit of 734292129?
2
What is the thousands digit of 850496723?
6
What is the billions digit of 2771522484?
2
What is the hundred thousands digit of 2991602943?
6
What is the hundreds digit of 2930057991?
9
What is the hundreds digit of 2787135345?
3
What is the millions digit of 124304406?
4
What is the ten millions digit of 15576053?
1
What is the hundreds digit of 1255125707?
7
What is the ten millions digit of 59307432?
5
What is the units digit of 84483380?
0
What is the units digit of 73028627?
7
What is the hundreds digit of 1304354656?
6
What is the units digit of 31558294?
4
What is the units digit of 1185686295?
5
What is the hundred millions digit of 1406000811?
4
What is the millions digit of 288049156?
8
What is the hundred millions digit of 273537644?
2
What is the thousands digit of 224610507?
0
What is the hundred millions digit of 3835768524?
8
What is the millions digit of 66758313?
6
What is the ten thousands digit of 160550440?
5
What is the units digit of 150070941?
1
What is the thousands digit of 780590497?
0
What is the hundred millions digit of 1193359293?
1
What is the thousands digit of 702914161?
4
What is the hundreds digit of 265097274?
2
What is the tens digit of 134715256?
5
What is the ten millions digit of 41387409?
4
What is the millions digit of 70249591?
0
What is the units digit of 7069879078?
8
What is the hundred thousands digit of 741072591?
0
What is the tens digit of 26230249?
4
What is the thousands digit of 4469687818?
7
What is the hundred thousands digit of 234551174?
5
What is the units digit of 5910248?
8
What is the tens digit of 86225128?
2
What is the hundred thousands digit of 27885611?
8
What is the units digit of 22064604?
4
What is the ten thousands digit of 37813035?
1
What is the thousands digit of 30092348?
2
What is the ten thousands digit of 20954811?
5
What is the hundred millions digit of 7932459742?
9
What is the millions digit of 59741410?
9
What is the ten thousands digit of 43365819?
6
What is the millions digit of 209715973?
9
What is the tens digit of 1769578967?
6
What is the thousands digit of 182400865?
0
What is the tens digit of 28